{"version":"1.0","provider_name":"SOLENA Apartmanh\u00e1z Hajd\u00faszoboszl\u00f3","provider_url":"https:\/\/solenaapartman.hu\/de\/","author_name":"SOLENA Apartman","author_url":"https:\/\/solenaapartman.hu\/de\/author\/solenaapartman\/","title":"\ud83c\udfdb Bocskai Istv\u00e1n M\u00fazeum \u2013 \u00c9l\u0151 t\u00f6rt\u00e9nelem a hajd\u00fak f\u00f6ldj\u00e9n","type":"rich","width":600,"height":338,"html":"<blockquote class=\"wp-embedded-content\" data-secret=\"h19UJVfarW\"><a href=\"https:\/\/solenaapartman.hu\/de\/2025\/06\/22\/bocskai-istvan-muzeum-elo-tortenelem-a-hajduk-foldjen\/\">\ud83c\udfdb Bocskai Istv\u00e1n M\u00fazeum \u2013 \u00c9l\u0151 t\u00f6rt\u00e9nelem a hajd\u00fak f\u00f6ldj\u00e9n<\/a><\/blockquote><iframe sandbox=\"allow-scripts\" security=\"restricted\" src=\"https:\/\/solenaapartman.hu\/de\/2025\/06\/22\/bocskai-istvan-muzeum-elo-tortenelem-a-hajduk-foldjen\/embed\/#?secret=h19UJVfarW\" width=\"600\" height=\"338\" title=\"&#8222;\ud83c\udfdb Bocskai Istv\u00e1n M\u00fazeum \u2013 \u00c9l\u0151 t\u00f6rt\u00e9nelem a hajd\u00fak f\u00f6ldj\u00e9n&#8220; &#8212; SOLENA Apartmanh\u00e1z Hajd\u00faszoboszl\u00f3\" data-secret=\"h19UJVfarW\" frameborder=\"0\" marginwidth=\"0\" marginheight=\"0\" scrolling=\"no\" class=\"wp-embedded-content\"><\/iframe><script type=\"text\/javascript\">\n\/* <![CDATA[ *\/\n\/*! This file is auto-generated *\/\n!function(d,l){\"use strict\";l.querySelector&&d.addEventListener&&\"undefined\"!=typeof URL&&(d.wp=d.wp||{},d.wp.receiveEmbedMessage||(d.wp.receiveEmbedMessage=function(e){var t=e.data;if((t||t.secret||t.message||t.value)&&!\/[^a-zA-Z0-9]\/.test(t.secret)){for(var s,r,n,a=l.querySelectorAll('iframe[data-secret=\"'+t.secret+'\"]'),o=l.querySelectorAll('blockquote[data-secret=\"'+t.secret+'\"]'),c=new RegExp(\"^https?:$\",\"i\"),i=0;i<o.length;i++)o[i].style.display=\"none\";for(i=0;i<a.length;i++)s=a[i],e.source===s.contentWindow&&(s.removeAttribute(\"style\"),\"height\"===t.message?(1e3<(r=parseInt(t.value,10))?r=1e3:~~r<200&&(r=200),s.height=r):\"link\"===t.message&&(r=new URL(s.getAttribute(\"src\")),n=new URL(t.value),c.test(n.protocol))&&n.host===r.host&&l.activeElement===s&&(d.top.location.href=t.value))}},d.addEventListener(\"message\",d.wp.receiveEmbedMessage,!1),l.addEventListener(\"DOMContentLoaded\",function(){for(var e,t,s=l.querySelectorAll(\"iframe.wp-embedded-content\"),r=0;r<s.length;r++)(t=(e=s[r]).getAttribute(\"data-secret\"))||(t=Math.random().toString(36).substring(2,12),e.src+=\"#?secret=\"+t,e.setAttribute(\"data-secret\",t)),e.contentWindow.postMessage({message:\"ready\",secret:t},\"*\")},!1)))}(window,document);\n\/* ]]> *\/\n<\/script>\n","thumbnail_url":"https:\/\/solenaapartman.hu\/wp-content\/uploads\/2025\/06\/105493494-3499227993463198-1230935988912880004-o-27534-normal.jpg","thumbnail_width":800,"thumbnail_height":533,"description":"Hajd\u00faszoboszl\u00f3 nemcsak f\u00fcrd\u0151ir\u0151l h\u00edres, hanem gazdag t\u00f6rt\u00e9nelmi \u00f6r\u00f6ks\u00e9g\u00e9r\u0151l is. A v\u00e1ros m\u00faltja szorosan \u00f6sszefon\u00f3dik a hajd\u00fa hagyom\u00e1nyokkal \u00e9s Bocskai Istv\u00e1n fejedelem nev\u00e9vel, aki \u00e9vsz\u00e1zadokkal ezel\u0151tt kulcsszerepet j\u00e1tszott a magyar t\u00f6rt\u00e9nelem alakul\u00e1s\u00e1ban. Ezt az \u00f6r\u00f6ks\u00e9get mutatja be leny\u0171g\u00f6z\u0151en a Bocskai Istv\u00e1n M\u00fazeum, amely mind\u00f6ssze egy kilom\u00e9terre tal\u00e1lhat\u00f3 a Solena Apartmant\u00f3l \u2013 t\u00f6k\u00e9letes c\u00e9lpont ak\u00e1r egy d\u00e9lut\u00e1ni s\u00e9t\u00e1ra is."}

SOLENA Apartmanház Hajdúszoboszló

🏛 Bocskai István Múzeum – Élő történelem a hajdúk földjén

<blockquote class="wp-embedded-content" data-secret="h19UJVfarW"><a href="https://solenaapartman.hu/de/2025/06/22/bocskai-istvan-muzeum-elo-tortenelem-a-hajduk-foldjen/">🏛 Bocskai István Múzeum – Élő történelem a hajdúk földjén</a></blockquote><iframe sandbox="allow-scripts" security="restricted" src="https://solenaapartman.hu/de/2025/06/22/bocskai-istvan-muzeum-elo-tortenelem-a-hajduk-foldjen/embed/#?secret=h19UJVfarW" width="600" height="338" title="&#8222;🏛 Bocskai István Múzeum – Élő történelem a hajdúk földjén&#8220; &#8212; SOLENA Apartmanház Hajdúszoboszló" data-secret="h19UJVfarW" frameborder="0" marginwidth="0" marginheight="0" scrolling="no" class="wp-embedded-content"></iframe><script type="text/javascript">
/* <![CDATA[ */
/*! This file is auto-generated */
!function(d,l){"use strict";l.querySelector&&d.addEventListener&&"undefined"!=typeof URL&&(d.wp=d.wp||{},d.wp.receiveEmbedMessage||(d.wp.receiveEmbedMessage=function(e){var t=e.data;if((t||t.secret||t.message||t.value)&&!/[^a-zA-Z0-9]/.test(t.secret)){for(var s,r,n,a=l.querySelectorAll('iframe[data-secret="'+t.secret+'"]'),o=l.querySelectorAll('blockquote[data-secret="'+t.secret+'"]'),c=new RegExp("^https?:$","i"),i=0;i<o.length;i++)o[i].style.display="none";for(i=0;i<a.length;i++)s=a[i],e.source===s.contentWindow&&(s.removeAttribute("style"),"height"===t.message?(1e3<(r=parseInt(t.value,10))?r=1e3:~~r<200&&(r=200),s.height=r):"link"===t.message&&(r=new URL(s.getAttribute("src")),n=new URL(t.value),c.test(n.protocol))&&n.host===r.host&&l.activeElement===s&&(d.top.location.href=t.value))}},d.addEventListener("message",d.wp.receiveEmbedMessage,!1),l.addEventListener("DOMContentLoaded",function(){for(var e,t,s=l.querySelectorAll("iframe.wp-embedded-content"),r=0;r<s.length;r++)(t=(e=s[r]).getAttribute("data-secret"))||(t=Math.random().toString(36).substring(2,12),e.src+="#?secret="+t,e.setAttribute("data-secret",t)),e.contentWindow.postMessage({message:"ready",secret:t},"*")},!1)))}(window,document);
/* ]]> */
</script>

Hajdúszoboszló nemcsak fürdőiről híres, hanem gazdag történelmi örökségéről is. A város múltja szorosan összefonódik a hajdú hagyományokkal és Bocskai István fejedelem nevével, aki évszázadokkal ezelőtt kulcsszerepet játszott a magyar történelem alakulásában. Ezt az örökséget mutatja be lenyűgözően a Bocskai István Múzeum, amely mindössze egy kilométerre található a Solena Apartmantól – tökéletes célpont akár egy délutáni sétára is.
